{"id":88,"date":"2012-07-14T17:19:00","date_gmt":"2012-07-14T15:19:00","guid":{"rendered":"http:\/\/16551.webhosting1.1blu.de\/metzgkunzmann\/wordpress\/?page_id=4"},"modified":"2025-12-21T16:25:37","modified_gmt":"2025-12-21T14:25:37","slug":"willkommen","status":"publish","type":"page","link":"https:\/\/www.metzgerei-kunzmann.de\/","title":{"rendered":"Willkommen"},"content":{"rendered":"<p><img loading=\"lazy\" decoding=\"async\" class=\"size-full wp-image-80 alignright\" src=\"http:\/\/www.metzgerei-kunzmann.de\/wp-content\/uploads\/2012\/07\/schild_1_24011.jpg\" alt=\"schild_1_240\" width=\"240\" height=\"180\" \/>Willkommen auf unserer Homepage, die wir selbst gestalten und mit Informationen f\u00fcr unsere Kunden f\u00fcllen!<\/p>\n<p><strong>Unsere \u00d6ffnungszeiten:<br \/>\n<\/strong><\/p>\n<ul>\n<li><strong>MO-DI-MI- 7.30-13.00<br \/>\n<\/strong><\/li>\n<li><strong>(Nachmittags geschlossen)<\/strong><\/li>\n<li><strong>Do-7.30-13.00\u00a0 ge\u00f6ffnet<\/strong><\/li>\n<li><strong>-FR- 7:30 &#8211; 18:00 durchgehend ge\u00f6ffnet<\/strong><\/li>\n<li><strong>SA: 7:00 &#8211; 12:30<\/strong><span style=\"color: #ff0000;\"><strong><em><br \/>\n<\/em><\/strong><\/span><\/li>\n<li>Immer Donnerstags gekochte Sch\u00e4lrippchen<\/li>\n<li>Freitags\u00a0 gebackene Schnitzel<\/li>\n<li>\u00d6ffnungszeiten Weihnachten 2025<\/li>\n<li>Montag 22.12.von 7.30-14.00 Uhr ge\u00f6ffnet<\/li>\n<li>Dienstag 23.12. von 7.30 bis 18 Uhr ge\u00f6ffnet<\/li>\n<li>Mittwoch 24.12. von 7.00 bis 12.00 Uhr ge\u00f6ffnet<\/li>\n<li>Freitag 2.01.-2026 und Samstag 3.01.-2026 geschlossen<\/li>\n<li>Montag 5.01.-2026 geschlossen<\/li>\n<li>Samstag 27.12.2025 geschlossen<\/li>\n<\/ul>\n<p>Wer Sie bei uns fachlich kompetent bedient (ein L\u00e4cheln gibt es kostenlos dazu) erfahren Sie hier genau so wie Interessantes \u00fcber unseren Metzgereibetrieb und die Familie Kunzmann.<\/p>\n<p>Gute Unterhaltung\u00a0auf diesen Seiten w\u00fcnscht Ihnen<br \/>\nFamilie\u00a0 Kunzmann + Mitarbeiter<\/p>\n","protected":false},"excerpt":{"rendered":"<p>Willkommen auf unserer Homepage, die wir selbst gestalten und mit Informationen f\u00fcr unsere Kunden f\u00fcllen! Unsere \u00d6ffnungszeiten: MO-DI-MI- 7.30-13.00 (Nachmittags geschlossen) Do-7.30-13.00\u00a0 ge\u00f6ffnet -FR- 7:30 &#8211; 18:00 durchgehend ge\u00f6ffnet SA: 7:00 &#8211; 12:30 Immer Donnerstags gekochte Sch\u00e4lrippchen Freitags\u00a0 gebackene Schnitzel &hellip; <a href=\"https:\/\/www.metzgerei-kunzmann.de\/\">Weiterlesen <span class=\"meta-nav\">&rarr;<\/span><\/a><\/p>\n","protected":false},"author":1,"featured_media":0,"parent":0,"menu_order":10,"comment_status":"closed","ping_status":"closed","template":"","meta":{"footnotes":""},"class_list":["post-88","page","type-page","status-publish","hentry"],"_links":{"self":[{"href":"https:\/\/www.metzgerei-kunzmann.de\/index.php?rest_route=\/wp\/v2\/pages\/88","targetHints":{"allow":["GET"]}}],"collection":[{"href":"https:\/\/www.metzgerei-kunzmann.de\/index.php?rest_route=\/wp\/v2\/pages"}],"about":[{"href":"https:\/\/www.metzgerei-kunzmann.de\/index.php?rest_route=\/wp\/v2\/types\/page"}],"author":[{"embeddable":true,"href":"https:\/\/www.metzgerei-kunzmann.de\/index.php?rest_route=\/wp\/v2\/users\/1"}],"replies":[{"embeddable":true,"href":"https:\/\/www.metzgerei-kunzmann.de\/index.php?rest_route=%2Fwp%2Fv2%2Fcomments&post=88"}],"version-history":[{"count":45,"href":"https:\/\/www.metzgerei-kunzmann.de\/index.php?rest_route=\/wp\/v2\/pages\/88\/revisions"}],"predecessor-version":[{"id":303,"href":"https:\/\/www.metzgerei-kunzmann.de\/index.php?rest_route=\/wp\/v2\/pages\/88\/revisions\/303"}],"wp:attachment":[{"href":"https:\/\/www.metzgerei-kunzmann.de\/index.php?rest_route=%2Fwp%2Fv2%2Fmedia&parent=88"}],"curies":[{"name":"wp","href":"https:\/\/api.w.org\/{rel}","templated":true}]}}